(0 + -10) + m. What is the greatest common factor of 11 and n?
11
Suppose -5*d + 92 = -8. Calculate the highest common divisor of d and 10.
10
Let w = 28 + -17. Let h = 18 - w. Calculate the highest common factor of 77 and h.
7
Let s = 43 - 26. What is the greatest common factor of s and 68?
17
Suppose 12 + 2 = 2*z. Let q = -7 + z. Let g be q + 113 - (5 + -4). Calculate the highest common divisor of 14 and g.
14
Let r be (-2)/4*(0 - 6). Suppose 0 = -3*k + r*j - 3, 0 = -5*k + k - 5*j + 32. Suppose -4*o + k = -1. What is the greatest common factor of o and 8?
1
Let k(q) = 46*q**2 - q. Let o be k(1). What is the greatest common factor of o and 15?
15
Let c be 16/48 - (-124)/6. What is the highest common factor of c and 231?
21
Let o(n) = -n**2 + 6*n - 6. Let a be o(4). Suppose 4*q + 72 = 4*g + a*q, 3*q = -6. Calculate the highest common factor of 17 and g.
17
Let b be (3/9)/(1/3). Let z(y) = y**2 + 4*y - 4. Let v be z(-5). What is the greatest common divisor of b and v?
1
Let u = 46 - -19. Let z = 12 + 1. Calculate the highest common divisor of u and z.
13
Let s(p) = p**2 + 7*p + 15. Let d be s(-6). What is the highest common divisor of d and 117?
9
Suppose -3*v + 11 + 7 = 0. Suppose -3*u = -5*o - 28, 0 = 3*o + u + 8 + v. Let k be 6/15 + (-988)/o. What is the greatest common factor of 18 and k?
18
Suppose -2*z + 4*h + 34 = -32, 0 = 5*z - h - 156. Let f = z - -9. Suppose 10 = 3*v - 5. What is the highest common factor of v and f?
5
Let r(a) = 3*a**2 - 7*a - 10. Let g be r(6). What is the greatest common divisor of 8 and g?
8
Let j be ((-45)/(-5))/((-3)/(-2)). Let w be (0 - -2)/(3/j). Suppose -p - g + 63 = w*p, 4*p + 2*g - 54 = 0. Calculate the highest common divisor of 12 and p.
12
Let x(r) = -9*r**2 - 29*r + 2. Let i be x(-3). Let d be (-32)/(-14) - (-2)/(-7). Calculate the highest common factor of i and d.
2
Let n = -72 + 135. Calculate the highest common divisor of 14 and n.
7
Suppose 15*h = 30 + 75. What is the highest common divisor of h and 70?
7
Suppose -2*d = -10 + 4, 31 = o - 3*d. Suppose u + u - o = 0. Let y be (2 - u/3)*-12. What is the greatest common divisor of y and 8?
8
Suppose 565 = 5*w + 5*t, w = 2*t + 2*t + 98. Suppose -4*z + w = z. Suppose -6*u + u + 2 = f, 0 = -4*u. Calculate the highest common factor of f and z.
2
Let m = 11 - 11. Suppose i + 5 = m, -3*g - 2*i = -7 - 7. Calculate the highest common factor of g and 1.
1
Let n be (0 + 14/6)*36. What is the greatest common divisor of 21 and n?
21
Let z(l) = l + 7. Let x be z(-5). Let g = 3 - 2. Suppose -g - 1 = -x*t. What is the highest common divisor of t and 8?
1
Let v = -32 + 11. Let k be 185/35 - (-6)/v. What is the highest common divisor of k and 5?
5
Let s(n) = -4*n + 2. Let a be s(0). Calculate the greatest common factor of 2 and a.
2
Let x = 25 - 23. Let v = -11 + 16. Suppose 4*k + v - 11 = 2*m, 2*k = -m + 13. What is the highest common factor of k and x?
2
Let h(s) = 16*s - 3. Suppose 2*p - 4 = 0, -5*f + 10 = -p - 3. Let b be h(f). What is the highest common factor of 9 and b?
9
Suppose -q = -5*q + 120. What is the highest common factor of 30 and q?
30
Suppose 0 = 5*y + 3*q - 19 - 32, -3*y - 4*q = -24. Let v be (2 - -101) + 2 - (-5 + 2). What is the greatest common divisor of v and y?
12
Suppose -h + 44 = 2*t, 3*h + 7*t = 4*t + 126. What is the greatest common divisor of h and 8?
8
Suppose -4*c + 2*l = -6*c + 142, 4*l = -5*c + 359. Let x = -6 + 2. Let t(f) = f**2 - f - 5. Let u be t(x). What is the greatest common divisor of u and c?
15
Let o(b) = 13*b + 5. Let z be o(-3). Let m = z + 57. Calculate the highest common divisor of 23 and m.
23
Let s(g) = -g + 10. Let x be s(6). Let k be ((-34)/x)/((-9)/18). Let b(v) = 68*v. Let l be b(2). Calculate the greatest common divisor of k and l.
17
Let w = -7 + 10. Suppose -w*r = -0*r - 24. Let b(c) = -c**2 - 11*c - 8. Let n be b(-7). Calculate the highest common divisor of n and r.
4
Let p(g) = 51*g**2. Let c be p(-1). Suppose -c = h - 4*h. Calculate the greatest common divisor of h and 17.
17
Suppose -3*g + 114 = 4*p, -5*g + 6*p = p - 155. Calculate the highest common factor of g and 17.
17
Let r be 78/10 - 2/(-10). Suppose -3*u = -7*u - 624. Let g = -84 - u. Calculate the highest common factor of r and g.
8
Let r = -44 - -59. Let s = 415 + -280. What is the greatest common factor of s and r?
15
Suppose 7*y - 15 + 1 = 0. Calculate the highest common factor of y and 3.
1
Let h(l) = 156*l**2 - l - 2. Let g be h(-1). Calculate the greatest common divisor of 62 and g.
31
Suppose 21*w + 21 = 22*w. Calculate the highest common divisor of 28 and w.
7
Suppose d + 1 - 34 = 5*n, 0 = -4*d + 2*n + 132. Suppose -5*g + d = -57. What is the greatest common factor of 90 and g?
18
Let j be (-32)/(-10)*(-5)/(-2). Calculate the highest common factor of 56 and j.
8
Let s = -137 - -139. Calculate the highest common factor of s and 4.
2
Suppose 4*k - 67 = -3*t, 2*k = -3*t - 0*k + 71. Let d = t - 15. Calculate the highest common divisor of 70 and d.
10
Suppose -13 = 4*o - 25. What is the greatest common divisor of o and 3?
3
Let y(k) = k**2 + k - 6. Let h be y(-6). Let v(z) = -10*z + z - 3*z. Let d be v(-1). Calculate the greatest common factor of d and h.
12
Suppose -2*r = -5*r + 3. Let i be r - -3 - (-1 + 0). What is the highest common factor of i and 55?
5
Let v be 4/14 - (-222)/7. Suppose -3*t - 6 = -54. What is the highest common factor of t and v?
16
Let p be 507/13 - (-2)/2. What is the highest common divisor of p and 160?
40
Suppose g + 12 = 168. Suppose -3*v = 3*c + g, -2*c + 4*v + 264 = -7*c. Let j = c - -83. Calculate the highest common factor of j and 18.
9
Suppose 0 = -82*x + 77*x + 195. Calculate the greatest common divisor of x and 65.
13
Suppose -22 - 26 = -4*c. Suppose 141 = u + 3*a, -a - c = -5*a. What is the greatest common divisor of 12 and u?
12
Suppose 41 = 2*x - 41. Calculate the highest common divisor of x and 82.
41
Let l = -154 + 246. Calculate the highest common factor of l and 23.
23
Let x be 9*4 + 2 + 2. Suppose -6*g = -4*g. Let y = g - -10. Calculate the greatest common factor of x and y.
10
Suppose -73 - 127 = -5*l. Suppose -4*t - t = -l. Calculate the greatest common divisor of t and 40.
8
Let k(q) = -2*q + 6. Let v be k(4). Let m(l) = -6*l. Let f be m(v). What is the greatest common factor of 48 and f?
12
Suppose 8*p = 258 + 262. Let c = 89 + -63. What is the highest common factor of c and p?
13
Suppose 17*h = 21*h - 260. What is the highest common divisor of h and 13?
13
Let t(q) = q**3 - 6*q**2 + 4*q + 6. Let w be t(5). Calculate the highest common divisor of 1 and w.
1
Let l(h) = h**3 + 8*h**2 + 2*h - 2. Suppose 4*b + 37 = -3*i, 35 = -5*b + 15. Let m be l(i). Calculate the highest common factor of 3 and m.
3
Suppose -7*x = -19*x + 1728. Let d(b) = b**3 - 4*b**2 - b - 4. Let r be d(5). Calculate the highest common factor of x and r.
16
Let b be 92/4 - (-2 + 3). What is the highest common factor of b and 55?
11
Let b(p) = -8*p - 8. Let l be b(-5). Suppose -w - 255 = -6*w - 3*y, -2*w - 4*y + 116 = 0. What is the highest common factor of l and w?
16
Suppose 3*j + 2*v - 400 = 0, -5*j + 3*v = v - 688. Let c(k) = -9*k - 1. Let d be c(-2). Calculate the highest common divisor of d and j.
17
Let j be 64/6 + (-16)/24. Suppose 340 = -2*k - 3*k. Let y be -3*k/3 + 2. Calculate the highest common factor of j and y.
10
Let u = -22 - -40. Suppose 0 = 2*v + 2*r + 18, -23 = 3*v + 5*r + 6. Let m be (-142)/v - 4/(-16). Calculate the highest common divisor of u and m.
18
Suppose -14*m = -13*m - 116. Calculate the highest common factor of m and 29.
29
Suppose 0 = 3*c - 38 + 2. What is the greatest common factor of c and 18?
6
Suppose 0 = 2*n - 3*n + 55. Calculate the greatest common divisor of 11 and n.
11
Let f = -67 - -139. What is the highest common factor of 120 and f?
24
Let i be (-151)/4 - 21/(-28). Let w = 82 + i. What is the greatest common factor of 9 and w?
9
Suppose -5*f = 2*m + 9, 3*f + 3*m = -2*m - 13. Let p(y) = -7*y - 19*y - 3 + 4. Let a be p(f). Calculate the greatest common divisor of a and 9.
9
Let x(m) = -2*m**3 + 16*m**2 + 4*m - 8. Let a be x(8). Calculate the greatest common divisor of 216 and a.
24
Let t be 6*1*128/12. Suppose -5*z - v + 39 + t = 0, 4*z - v - 86 = 0. Calculate the greatest common divisor of 147 